ose 2*w = -k - 10, -3*k + 0*w - 22 = 2*w. What is p(k)?
10
Let d(l) = -2*l**2 + 6. Let s(y) = -3*y**2 - y + 7. Suppose 24 + 48 = -18*c. Let z(v) = c*d(v) + 3*s(v). Give z(-2).
-1
Let s be -3 - (-3 - (-3 - 1))*-5. Let m(n) = n**3 + n - 3 + 5*n - 2 - 2 - 2*n**3 - 6*n**s. Give m(-7).
0
Let g(b) = -3*b**3 - 23*b**2 - 13*b + 17. Let c = -4843 - -4836. Determine g(c).
10
Let j(k) be the second derivative of 0*k**2 - 1/6*k**3 - 6*k + 0. Let c(i) = -i + 1. Let x be c(3). What is j(x)?
2
Let d be -8 + (2 - -1) - (130 - 3). Let f be 2/6 + (-1140)/(-9). Let x = d + f. Let c(q) = q**3 + 4*q**2 + 4. Calculate c(x).
-21
Let r(s) = -s + 10. Let o = 139 - 137. Suppose 0*p = -4*p + h + 25, 25 = o*p - 3*h. Determine r(p).
5
Let o(z) = -z + 12. Let h(i) = 17*i - 26. Let r be h(4). Suppose w = 2*q - 23, -3*w - r = -3*q - 0*w. Determine o(q).
3
Let m(n) = n**3 + 3*n**2 + 3*n + 4. Suppose -5*p + 3 = -2. Suppose -4*h + 5*h - 2*z + p = 0, -h - 2 = -z. Calculate m(h).
-5
Let b(y) = 3*y + 10. Suppose 112*f = 185 + 263. Calculate b(f).
22
Suppose -21*t + 34 = -4*t. Let r(c) = -c - c**3 - 401 - 7*c + 407 + 8*c**t + c. Let s = 4 + 3. Determine r(s).
6
Let w(j) = 4*j - 8. Let p(z) = -4*z + 3. Let g(t) = -4*p(t) - 3*w(t). Let x be g(-6). Let k(m) = -m**2 - 15*m - 9. What is k(x)?
27
Let t(p) be the first derivative of 16*p**3/3 - p**2/2 + 1165. Determine t(1).
15
Let k(f) = -13*f - 10. Let t(m) be the second derivative of 2*m**3/3 + 3*m**2/2 - 9*m - 3. Let v(o) = -4*k(o) - 14*t(o). Determine v(-5).
18
Let n(p) be the third derivative of -p**5/15 - 3*p**4/8 - 14*p**3 - 29*p**2. Let l(u) be the first derivative of n(u). What is l(-6)?
39
Let c(y) = -y**2 - y + 2. Suppose -6*v = -5*v - 2. Suppose v*x = 5*x - 6. Calculate c(x).
-4
Let d(u) = -32*u**2 + 10*u - 22. Let g(r) = 27*r**2 - 11*r + 22. Let l(y) = 5*d(y) + 6*g(y). Determine l(5).
-8
Let q(y) = -y**2 + 7*y + 13. Let v be 68/187 + (-14103)/33. Let o = v - -436. What is q(o)?
-5
Let u(p) = p**2 + 7*p + 8. Let r = -97 + 155. Suppose -z - 3*g - 323 = 4*z, 188 = -3*z + 4*g. Let q = z + r. Give u(q).
2
Let v(q) = q**3 + 2*q**2 - 5*q + 1. Let i be (-4)/((20/3)/(-10)). Let s(r) = r**2 + 3*r - 58. Let b be s(i). Determine v(b).
-11
Let p(g) be the second derivative of -45*g + 0 + 1/3*g**3 + 4*g**2. Give p(-6).
-4
Let b be 12/18*-15*32/80. Let m(z) = 4*z**2 - z + 8. Give m(b).
76
Let t(c) = -79 + 3*c - 2*c + 73. Suppose -4*r + 13*a + 19 = 14*a, -5*a = -3*r + 43. What is t(r)?
0
Let n(k) = -2*k**3 - 25*k**2 - 17*k - 68. Let u be n(-12). Let f(d) = 18 + 3*d - 5*d + d + 4*d. What is f(u)?
-6
Let f(d) = -d**3 + 10*d**2 + 7*d + 8. Let v = -262 - -266. Suppose v*c = 4*q + 24, c - 31 = -3*q - q. What is f(c)?
-36
Suppose -6*w - 4*w - 51 = 7*w. Let b(s) = -16*s - 57. What is b(w)?
-9
Let q(y) = 775*y - 9*y**2 - 374*y - 397*y + 5. Determine q(-1).
-8
Let n(k) be the second derivative of 1/12*k**4 + 1/20*k**5 - 1/3*k**3 - k**2 + 0 + 4*k. Let p be (-5 + 4)/(2/6). What is n(p)?
-14
Let z(m) = m**3 + 9*m**2 - 2*m + 10. Suppose -5*c = 4*a + 49, c - 12*a = -16*a - 13. Determine z(c).
28
Let r(i) be the third derivative of -i**7/504 + i**5/120 - 7*i**4/24 + 3*i**2. Let l(t) be the second derivative of r(t). Let s = -392 - -394. Give l(s).
-19
Let h(y) = 3*y**2 + 18*y - 30. Let b be h(-7). Let q(x) = x**2 + 11*x - 12. What is q(b)?
-30
Let a(y) = -75*y**3 - 57*y**2 + 199*y + 106. Let p(u) = 17*u**3 + 13*u**2 - 45*u - 24. Let c(j) = 12*a(j) + 53*p(j). Suppose 14 = -3*s + 2. Determine c(s).
4
Let o be 0/(-4 - (-8 + 3)). Suppose 175*r - 160*r + 45 = o. Let z(b) = 6*b + 5. Give z(r).
-13
Suppose 7*l - 6*l - 22 = 2*f, -11 = f - 4*l. Let x(t) = -7*t**2 - 15*t + 13. Let q(c) = 13*c**2 + 29*c - 26. Let j(n) = -6*q(n) - 11*x(n). Give j(f).
-9
Let b = 1203 - 870. Let k = b + -339. Let p(y) = -2*y + 11. What is p(k)?
23
Let m(y) = -12 - 4 - 19 + y**2 + 15 + 19. Let a = -3 - -5. Determine m(a).
3
Let t(x) be the first derivative of -53*x**2/2 + 218*x - 3638. What is t(4)?
6
Let f(p) be the second derivative of -p**5/60 - p**4/4 + 7*p**3/6 - 79*p**2/2 + 22*p - 3. Let w(y) be the first derivative of f(y). Calculate w(-6).
7
Let w(k) be the third derivative of -1/60*k**5 + 4*k + 4*k**2 - k**3 + 0 - 1/4*k**4. What is w(-6)?
-6
Let p(h) be the third derivative of 17*h**5/60 - 5*h**4/24 - h**3 + 8*h**2 - h + 3. Calculate p(-2).
72
Let b(t) = t**2 + 4*t - 3. Let h(j) = j**2 - 3*j. Let c be h(4). Let o be (-17)/4 + 4 - 4/(-16). Suppose -3*r + c*g - 29 = -o, 5*r + 5 = -2*g. What is b(r)?
-6
Let r(l) = -l**2 + 9*l - 9. Suppose -8*m - m - 63 = 0. Let k(g) = g + 13. Let j be k(m). Calculate r(j).
9
Let i(k) = k**3 + 10*k**2 - 12*k - 9. Let g = 158 - 601. Let t = -454 - g. Give i(t).
2
Let f(v) = v**2 + 8*v - 1. Suppose -18 = 5*g - 3*g. Let m be f(g). Let i = 6 - m. Let c(q) = 3*q**2 + 2*q + 2. Determine c(i).
10
Let q be 3828/(-174)*2/4. Let x(c) = 4*c + 52. Determine x(q).
8
Let c(g) = -g**2 + 22*g + 61. Let t be c(24). Suppose 15*y - t = 17. Let f(o) = -o + 4. Calculate f(y).
2
Let m(y) = -3*y - 41. Let c be m(-15). Let h be (-3 + 2 - -5)*c. Suppose 0 = -v + h - 18. Let q(b) = -5*b - 1. Calculate q(v).
9
Let k be (78/24 + -3)*4. Let h(z) = 402*z**2 - 407*z**2 - z**3 + z + z - 4*z + k. Calculate h(-4).
-7
Let x(w) be the second derivative of w**4/6 - 7*w**3/2 - 35*w**2/2 - 1029*w - 2. Give x(12).
1
Let m(z) = z**3 + z**2 + 21*z + 42. Let x be m(-2). Let u(n) = -3*n**2 - 9*n - 10. Determine u(x).
-22
Let p(n) = n**2 - 5*n - 3. Suppose 2*u = 6*u - 16. Suppose 55*o - 369 = -68*o. Suppose 5*z - 20 = -5*s, -u*z = -z - o. Determine p(s).
-9
Let o(z) = -z**3 + 10*z**2 - 13*z + 17. Suppose -4*y = 2*t + 6, 5*t = 7*t + 2*y - 6. Calculate o(t).
-19
Suppose 362 = 29*w + 101. Let z(d) = -d**3 + 8*d**2 + 8*d. Calculate z(w).
-9
Let z(g) = -g**3 + 3*g**2 - 2*g. Let j(m) = m**2 - 5*m - 41. Let f be j(9). Let k be (-3 + f)*(-1)/2. Give z(k).
-24
Let g(w) = w + 6. Let y = -38 + 41. Suppose -5*u + 8 = -u + 5*q, -13 = -y*u - 2*q. Let c(t) = -t + 7. Let h be c(u). Determine g(h).
6
Let u(c) = -c**2 - 6*c + 6. Suppose 2*k = -16 - 42. Let z = -29 - k. Suppose 5*i + 21 + 9 = z. Calculate u(i).
6
Let h = 65 + -35. Suppose 0 = 3*n + h - 216. Suppose n = r + 56. Let a(g) = g**2 - 6*g - 8. What is a(r)?
-8
Let g(b) = -b + 2. Let c(n) be the third derivative of -n**4/6 + 2*n**3/3 - 37*n**2 + 1. Let s(o) = -c(o) + 3*g(o). Determine s(-4).
-2
Let q(g) = 31*g - 145*g - 39 + 39*g + 39*g + 39*g. What is q(12)?
-3
Let y(n) = 19*n**2 + 3*n + 4. Let j(i) = -15*i**2 - 3*i - 1. Let d(w) = 5*j(w) + 4*y(w). What is d(0)?
11
Let p(j) be the first derivative of -j**5/30 - j**4/6 - j**3/2 - 12*j**2 - 20. Let g(b) be the second derivative of p(b). Let u = -34 + 32. Determine g(u).
-3
Let f(i) be the second derivative of i**5/60 + i**4/3 + 5*i**3/3 + 199*i**2/2 + 157*i. Let z(n) be the first derivative of f(n). Calculate z(-7).
3
Let m(s) = s**3 - 51*s + 43*s + 4 - 6*s**2 + 5. Let r(a) = -a - 19. Suppose -59 = 3*f + 19. Let d be r(f). Determine m(d).
2
Let m(z) = -55*z + 491. Let q be m(9). Let k be 8/32 - 47/q. Let p(t) = t - 23. Give p(k).
-11
Let k(m) be the first derivative of -m**2/2 + 11*m + 144. What is k(0)?
11
Let n be (-13 - -1)*(0 + 1/(-3)). Suppose -5*f - 4*h - 18 = -0*f, 0 = 2*f + n*h. Let k(a) = a**3 + 7*a**2 + 3*a + 7. Determine k(f).
25
Let b = -930 - -945. Let k(y) = -3*y + 11. Give k(b).
-34
Let h(m) = m**2 - 7*m - 6. Let n(k) = -12*k - 62. Let u be n(-7). Suppose -4*x - 14 = -3*x. Let j = u + x. Give h(j).
2
Let a(k) = 320*k**3 - 321*k**3 + 0*k**2 + 111 + 26*k**2 + 0*k**2 - 29*k. What is a(25)?
11
Let n(m) = -11 + 12*m**2 - 10*m**2 - m + 2*m**2 - 7 + m**3 + 11. Determine n(-5).
-27
Let w(p) be the first derivative of 4*p**3/3 + 11*p**2 + p - 4926. Calculate w(-5).
-9
Let h(y) = -y + 1. Suppose -31 = -7*z + 53. Suppose z*f = 11*f + 8. Calculate h(f).
-7
Let n(t) = -2*t**3 - 4*t + 6. Let m(d) = -d**3 + 1. Let z(l) = 3*m(l) - n(l). Suppose 3*q + 14*a - 13*a - 8 = 0, 3*a = -5*q + 16. Determine z(q).
-3
Suppose 19 = 3*g - 2*t, 1 = 3*g + 5*t - 4. Let x(s) = g - 59*s + 61*s - 3. Determine x(-4).
-6
Let d(z) = -z - 1. Suppose 6*f + f + 224 = 0. Let k = f + 32. Suppose 3*o - 4*l = -5, l + 4*l + 5 = k. Give d(o).
2
Let w(m) = m**3 - 6*m**2 + 2*m - 13. Let i be w(6). Let k(l) be the third derivative of